Let i = a - 3. What is the remainder when j(1) is divided by i?
3
Let j(g) = -g**2 - 14*g + 48. Calculate the remainder when 95 is divided by j(-16).
15
Let j(b) = b**2 - 2*b + 2. Suppose -125 = -5*n - 0*n - 2*a, 0 = 2*a. Calculate the remainder when n is divided by j(4).
5
Let x be (0 - -1 - 4) + -48. Let d = x + 68. Suppose 2*g = 3*o - 96, 0 = -3*o + 6*o + 2*g - 96. Calculate the remainder when o is divided by d.
15
Suppose 5*y - 55 = 75. Let x = 6250 - 6236. What is the remainder when y is divided by x?
12
Let r = 2836 + -2328. What is the remainder when r is divided by 30?
28
Let a(o) = -2*o**3 + 39*o**2 - 20*o + 32. Calculate the remainder when 35 is divided by a(19).
9
Let y = 53 - 37. Let v = y - 18. What is the remainder when (1/v)/(5/(-110)) is divided by 4?
3
Calculate the remainder when 81 is divided by ((-7)/(-2))/7*(6 + 2).
1
Suppose -2312 = -56*w - 12*w. What is the remainder when 164 is divided by w?
28
Let l(x) = -x**3 + 15*x**2 - 38*x + 27. Calculate the remainder when 21 is divided by l(12).
0
Suppose 378 = -76*h + 94*h. Calculate the remainder when 239 is divided by h.
8
Let m(z) = -18*z - 1 - 2 + 1. Let i be m(5). Calculate the remainder when 11 is divided by i/(-15) + 2/(-15).
5
Let d(m) = -4*m - 24. Let h(n) = -2*n - 11. Let b(w) = -4*d(w) + 7*h(w). Calculate the remainder when 76 is divided by b(-3).
11
Let b(s) = s**2 + 80*s - 414. What is the remainder when b(6) is divided by 8?
6
Suppose 10*g + 26 = -64. Let l = g - -12. Calculate the remainder when 8 is divided by l.
2
Let c(o) = 4*o + 27. Let a be c(-7). Suppose 8 = 3*w - 7. Calculate the remainder when w is divided by 2 - ((-4)/(-2))/a.
1
Calculate the remainder when (-6178)/(-18) - ((-16)/(-18))/4 is divided by 12.
7
Let n(v) = 38. Let r(m) = -m - 38. Let a(j) = -5*n(j) - 4*r(j). Calculate the remainder when a(17) is divided by 17.
13
Let b be 4 - (-6)/((-10)/5). Calculate the remainder when 26 is divided by ((-9)/(9/(-10)))/b.
6
Suppose -2*a + 157 = -39. What is the remainder when 397 is divided by a?
5
Suppose 5*j - t = 4*t + 550, 3*j + 4*t - 365 = 0. What is the remainder when 122 is divided by j?
7
Suppose 3*n - 25 = 35. Let u be (-3)/(-5) + 1197/(-45). Let s = 11 - u. Calculate the remainder when s is divided by n.
17
Let k be 0 - -1 - (-33)/(1 + 2). Suppose 5*w - 26 = 3*l + 26, -4*w - 5*l = -k. Calculate the remainder when 14 is divided by w.
6
Let z = -416 + 441. Let o = -21 + 34. Calculate the remainder when z is divided by o.
12
Let g be (-94)/6*(-2 - 1). Suppose 2*w = 5*t + g, 0*t - 18 = 2*t - w. Let u = -1 - t. What is the remainder when 27 is divided by u?
7
Let f(n) = -9*n + 22. Let m(k) = 5*k**2 - k. Let l be m(3). Let u be -2*(l/4)/3. What is the remainder when f(u) is divided by 29?
27
Suppose 4*v - 29 = w, -3*v + 2*w - w + 21 = 0. Suppose -d - a + 7 = 0, -2*d + a + 37 = v. Calculate the remainder when d is divided by 7.
5
Suppose -p + 0 + 6 = 0. Suppose -17 - 235 = -p*v. Calculate the remainder when 83 is divided by v.
41
Let z = 109 + -80. Suppose 7*r - 2*r - 55 = 0. Calculate the remainder when z is divided by r.
7
Suppose 0 = 5*r - 56*r + 1625 - 299. Suppose x + 1 - 8 = 0. What is the remainder when r is divided by x?
5
Let l = -1003 - -1069. Calculate the remainder when 170 is divided by l.
38
Let f(o) = o + 0 + 2 - o**2 + 0*o - 5*o. Calculate the remainder when 6 is divided by f(-4).
0
Suppose -11*p + 4*r + 16 = -10*p, -4 = -r. What is the remainder when 45 is divided by p?
13
Let w(t) = -4*t + t + 11*t**2 + 20 - 23. Let r = -3 + 1. Calculate the remainder when w(r) is divided by 12.
11
Suppose 22*d = 15*d + 476. Calculate the remainder when 304 is divided by d.
32
Suppose 4*p - 13 = 2*v + v, 0 = -5*p - 5*v + 60. Let m(i) = 2*i**2 - 13*i + 8. Calculate the remainder when m(p) is divided by 7.
1
Let g(w) = -110*w + 34. What is the remainder when 781 is divided by g(0)?
33
Suppose 5*d - 161 = -66. Suppose -58*f + 675 + 3953 = 510. Calculate the remainder when f is divided by d.
14
Suppose 2*z = -0*z + 30. Let u = 143 + -99. Calculate the remainder when u is divided by z.
14
Let t(m) = 2*m**2 + m - 2. Let i be (-5 - (2 + -4))*3. Let g(x) = x**2 + 8*x - 6. What is the remainder when t(2) is divided by g(i)?
2
Let c be (-60)/6*(-1)/2. Suppose c*v = 56 + 4. Calculate the remainder when v is divided by 7.
5
Let f = 280 - 266. Let j(q) = -3*q + 3*q - q + 5*q**2 - 1. Calculate the remainder when f is divided by j(-1).
4
What is the remainder when ((-3)/2 - -2)/(15/30) is divided by (0 - -1)*(-1 - -2)?
0
Let s be ((-6)/4)/((-6)/68). Let f = -28 + s. Let k = f - -21. What is the remainder when 29 is divided by k?
9
Suppose 3*x - 2 = 2*h, -5*x - 3*h + 30 + 5 = 0. Let t = 32 - 7. What is the remainder when t is divided by (-8)/2*(-14)/x?
11
Let k(p) = -14*p + 14*p + 49*p**2. What is the remainder when k(1) is divided by (-3 - -2)*-14 - 1?
10
Let b(v) = v**2 - 17*v - 57. Let h be b(21). Let n = h + -13. Calculate the remainder when 40 is divided by n.
12
Let i(t) = -t**3 - 8*t**2 + 8*t - 8. Let l be i(-10). Suppose -3*y - l = -5*d - 5*y, 0 = d + 5*y - 4. What is the remainder when 45 is divided by d?
21
Let c = -1030 - -1150. What is the remainder when c is divided by 63?
57
Suppose -2*l = -4*d - 5*l + 231, -4*d - 2*l = -230. What is the remainder when d is divided by 13?
5
Suppose -333 - 399 = -12*v. Let d = 1 - -20. Calculate the remainder when v is divided by d.
19
Let t = -6 + 6. Suppose t*y = 4*y - 20. What is the remainder when 19 is divided by y?
4
Suppose -b - 153 = -37*u + 35*u, -3*u - 3*b + 207 = 0. Calculate the remainder when 189 is divided by u.
41
Suppose -2*j = -j - 43. Let f = 6072 + -6050. Calculate the remainder when j is divided by f.
21
Let o be 30/(-2)*80/50. Let k = o + 42. Calculate the remainder when k is divided by 14.
4
Suppose 4*y = 7*y - 27. Let d(p) = 43*p**2 - 2*p - 1. What is the remainder when d(-1) is divided by y?
8
Suppose 24*w - 23*w = 4. Suppose 5*t - 3*k - 83 = 0, t - w*k = -2*t + 41. Calculate the remainder when 94 is divided by t.
18
Let j(u) = u + 1. Let k(s) = -9*s - 8. Let w(a) = 35*j(a) + 5*k(a). Calculate the remainder when 43 is divided by w(-3).
18
Suppose -4*y + 12 = 0, -9*n + 7 = -5*n - 3*y. Suppose n*r - 205 = 203. Calculate the remainder when r is divided by 27.
21
Suppose -v - 5*j + 41 = 0, 0 = 3*v - 3*j + 2*j - 59. Calculate the remainder when 103 is divided by v.
19
Let z = 114 - 90. What is the remainder when 86 is divided by z?
14
Suppose -3*w = -3 - 6. Let y(o) = 4*o - 2. Calculate the remainder when 1/((-25)/116 - (-2)/8) is divided by y(w).
9
Suppose 2*w = -4*d - 0*w - 82, -3*w = 9. Let f = 20 + d. Calculate the remainder when f + -2 + 4 + 26 is divided by 8.
5
Let f = -1038 - -1114. Calculate the remainder when f is divided by 8.
4
Let h = 39 + -69. Let k = 34 + h. What is the remainder when 10 is divided by k?
2
Let y = 68 - 69. Calculate the remainder when 34 is divided by -1*y/(-2)*-10.
4
Let q(b) = -5*b**2 - 22*b + 2. Let w be q(-5). Let g = w + 25. Let a(u) = 13*u - 6. Calculate the remainder when a(4) is divided by g.
10
Let i(d) = -d**3 - 10*d**2 + 18*d + 9. Suppose 5*b + 72 = 4*j, 24 = -5*b - 4*j - 24. What is the remainder when i(b) is divided by 42/2 + 1 + -1?
18
Suppose o - 306 = -3*x, -5*o - 36 = -x + 50. What is the remainder when 169 is divided by x?
68
Let p(o) = 28*o - 31. What is the remainder when p(5) is divided by 22?
21
Let r be (1 + 12/(-8))*6 - 92. Let s = -77 - r. Calculate the remainder when 27 is divided by s.
9
Let t = -131 - -172. Calculate the remainder when t is divided by 13.
2
Suppose 0 = 3*m - 2*f - 8, m + 2*m + 20 = -5*f. Suppose 5*d + 49 - 234 = m. What is the remainder when 183 is divided by d?
35
Suppose -5*g + 807 - 237 = 0. Let r = -23 + 52. Calculate the remainder when g is divided by r.
27
Suppose 5*a - 2*a - 5*d - 85 = 0, 33 = a - 4*d. Calculate the remainder when 407 is divided by a.
7
Let x(v) = -v**3 - 6*v**2 - 6*v + 15. Let r(j) = -j + 2. Let w be r(8). Calculate the remainder when x(w) is divided by 26.
25
Let c = -208 - -243. Calculate the remainder when 72 is divided by c.
2
Let z be 1/2*(-12 + 0). Calculate the remainder when 3/18 - 149/z is divided by 6/39 + (-267)/(-39).
4
Let v(p) = -p**3 - 3*p**2 + 3*p - 4. Calculate the remainder when v(-